{"id":508,"date":"2017-05-27T14:31:32","date_gmt":"2017-05-27T12:31:32","guid":{"rendered":"http:\/\/sceau-archives-ovni.org\/?page_id=508"},"modified":"2017-12-16T20:28:08","modified_gmt":"2017-12-16T19:28:08","slug":"digitizations","status":"publish","type":"page","link":"https:\/\/sceau-archives-ovni.org\/?page_id=508&lang=en","title":{"rendered":"Digitizations"},"content":{"rendered":"<blockquote><p>&gt;&gt;&gt;&gt;&gt; \u00a0<strong>Digitizations progress<\/strong>\u00a0&lt;&lt;&lt;&lt;&lt;&lt;<\/p><\/blockquote>\n<p>This is a live google spreadsheet document.\u00a0 Always up to date.<\/p>\n<p><iframe loading=\"lazy\" src=\"https:\/\/docs.google.com\/spreadsheets\/d\/e\/2PACX-1vRnFtkAwvQ1vHUjj1HKwbRie2rhHRanux3NdSeQ1iZt8M20irYEcOdJpAXnKXru8v-anCmFF4kL9PUw\/pubhtml?widget=true&amp;headers=false\" width=\"1920\" height=\"500\"><\/iframe><\/p>\n<p style=\"text-align: center;\">Meaning of abbreviations and colors<\/p>\n<table border=\"0\" cellspacing=\"0\">\n<colgroup width=\"921\"><\/colgroup>\n<tbody>\n<tr>\n<td style=\"border: 1px solid #000000;\" align=\"left\" valign=\"middle\" bgcolor=\"#C3D69B\" height=\"26\"><span style=\"color: #c00000; font-family: 'Arial Black';\">ABREVIATIONS<\/span><\/td>\n<\/tr>\n<tr>\n<td style=\"border-left: 1px solid #000000; border-right: 1px solid #000000;\" align=\"left\" height=\"28\"><b><span style=\"color: #000000; font-family: Calibri;\">Ann. : annexe<\/span><\/b><\/td>\n<\/tr>\n<tr>\n<td style=\"border: 1px solid #000000;\" align=\"left\" height=\"28\"><b><span style=\"color: #000000; font-family: Calibri;\">HS : hors s\u00e9rie<\/span><\/b><\/td>\n<\/tr>\n<tr>\n<td style=\"border: 1px solid #000000;\" align=\"left\" height=\"28\"><b><span style=\"color: #000000; font-family: Calibri;\">NF : nouvelle formule<\/span><\/b><\/td>\n<\/tr>\n<tr>\n<td style=\"border: 1px solid #000000;\" align=\"left\" height=\"28\"><b><span style=\"color: #000000; font-family: Calibri;\">NS : nouvelle s\u00e9rie<\/span><\/b><\/td>\n<\/tr>\n<tr>\n<td style=\"border: 1px solid #000000;\" align=\"left\" height=\"28\"><b><span style=\"color: #000000; font-family: Calibri;\">N\u00b0 sp\u00e9c. : Num\u00e9ro sp\u00e9cial<\/span><\/b><\/td>\n<\/tr>\n<tr>\n<td style=\"border: 1px solid #000000;\" align=\"left\" height=\"28\"><b><span style=\"color: #000000; font-family: Calibri;\">PS : pages suppl\u00e9mentaires<\/span><\/b><\/td>\n<\/tr>\n<tr>\n<td style=\"border: 1px solid #000000;\" align=\"left\" height=\"28\"><b><span style=\"color: #000000; font-family: Calibri;\">SD : sans date<\/span><\/b><\/td>\n<\/tr>\n<tr>\n<td style=\"border: 1px solid #000000;\" align=\"left\" height=\"28\"><b><span style=\"color: #000000; font-family: Calibri;\">SN : sans N\u00b0<\/span><\/b><\/td>\n<\/tr>\n<tr>\n<td style=\"border: 1px solid #000000;\" align=\"left\" height=\"28\"><b><span style=\"color: #000000; font-family: Calibri;\">ST : sans titre<\/span><\/b><\/td>\n<\/tr>\n<tr>\n<td style=\"border: 1px solid #000000;\" align=\"left\" height=\"28\"><b><span style=\"color: #000000; font-family: Calibri;\">TaP : Tir\u00e9 \u00e0 part<\/span><\/b><\/td>\n<\/tr>\n<tr>\n<td style=\"border: 1px solid #000000;\" align=\"left\" height=\"28\"><b><span style=\"color: #000000; font-family: Calibri;\">Coll. : collection priv\u00e9e d&rsquo;un ufologue ou chercheur<\/span><\/b><\/td>\n<\/tr>\n<tr>\n<td style=\"border: 1px solid #000000;\" align=\"left\" height=\"28\"><b><span style=\"color: #000000; font-family: Calibri;\">Fonds : fonds d&rsquo;archives sauvegard\u00e9s par le SCEAU<\/span><\/b><\/td>\n<\/tr>\n<tr>\n<td style=\"border-right: 1px solid #000000;\" align=\"left\" height=\"31\"><b><span style=\"color: #000000; font-family: Calibri;\">Scan de (+ nom du contributeur) : contributeur (physique ou moral) ayant scann\u00e9 des documents <\/span><\/b><\/td>\n<\/tr>\n<tr>\n<td style=\"border: 1px solid #000000;\" align=\"center\" valign=\"bottom\" bgcolor=\"#FFFFFF\" height=\"28\"><b><span style=\"color: #ca250c; font-family: Calibri;\">\u00a0<\/span><\/b><\/td>\n<\/tr>\n<tr>\n<td style=\"border: 1px solid #000000;\" align=\"center\" valign=\"bottom\" bgcolor=\"#FFFFFF\" height=\"28\"><b><span style=\"color: #000000; font-family: Calibri;\">\u00a0<\/span><\/b><\/td>\n<\/tr>\n<tr>\n<td style=\"border: 1px solid #000000;\" align=\"center\" valign=\"middle\" bgcolor=\"#C3D69B\" height=\"26\"><span style=\"color: #c01e21; font-family: 'Arial Black';\">MODE D&rsquo;EMPLOI ET DE LECTURE<\/span><\/td>\n<\/tr>\n<tr>\n<td align=\"left\" height=\"26\"><\/td>\n<\/tr>\n<tr>\n<td style=\"border: 1px solid #000000;\" align=\"center\" valign=\"middle\" bgcolor=\"#9FCA09\" height=\"28\"><b><span style=\"color: #000000; font-family: Calibri;\">Collection enti\u00e8rement num\u00e9ris\u00e9e pour les n\u00b0 connus du SCEAU ou en totalit\u00e9<\/span><\/b><\/td>\n<\/tr>\n<tr>\n<td style=\"border: 1px solid #000000;\" align=\"center\" valign=\"middle\" bgcolor=\"#9FCA09\" height=\"31\"><b><span style=\"color: #000000; font-family: Calibri;\">xx \u00e0 xx = tous les n\u00b0 connus du SCEAU sont num\u00e9ris\u00e9s &#8211; <\/span><\/b><\/td>\n<\/tr>\n<tr>\n<td style=\"border: 1px solid #000000;\" align=\"center\" valign=\"middle\" bgcolor=\"#9FCA09\" height=\"31\"><b><span style=\"color: #000000; font-family: Calibri;\">\/xx \u00e0 xx\/ = collection num\u00e9ris\u00e9e en totalit\u00e9<\/span><\/b><\/td>\n<\/tr>\n<tr>\n<td style=\"border: 1px solid #000000;\" align=\"center\" valign=\"bottom\" bgcolor=\"#FFC000\" height=\"28\"><b><span style=\"color: #000000; font-family: Calibri;\">Coll. N\u00b0 trac\u00e9s et accessibles<\/span><\/b><\/td>\n<\/tr>\n<tr>\n<td style=\"border: 1px solid #000000;\" align=\"center\" valign=\"middle\" bgcolor=\"#A6A6A6\" height=\"28\"><b><span style=\"color: #000000; font-family: Calibri;\">Coll. N\u00b0 non trac\u00e9s \u00e0 retrouver<\/span><\/b><\/td>\n<\/tr>\n<tr>\n<td style=\"border: 1px solid #000000;\" align=\"center\" valign=\"middle\" bgcolor=\"#FFFF00\" height=\"28\"><b><span style=\"color: #000000; font-family: Calibri;\">N\u00b0 scann\u00e9 complet<\/span><\/b><\/td>\n<\/tr>\n<tr>\n<td style=\"border: 1px solid #000000;\" align=\"center\" valign=\"middle\" bgcolor=\"#FF0000\" height=\"28\"><b><span style=\"color: #ffffff; font-family: Calibri;\">N\u00b0 scann\u00e9 mais incomplet (pages manquantes ou illisibles)<\/span><\/b><\/td>\n<\/tr>\n<tr>\n<td align=\"center\" valign=\"middle\" bgcolor=\"#FF9900\" height=\"28\"><b><span style=\"color: #c00000; font-family: Calibri;\">Exemplaire en cours de num\u00e9risation<\/span><\/b><\/td>\n<\/tr>\n<tr>\n<td align=\"center\" valign=\"middle\" bgcolor=\"#9B6F3B\" height=\"28\"><b><span style=\"color: #ffffff; font-family: Calibri;\">Existence douteuse de la revue, des n\u00b0 suppos\u00e9s, etc.<\/span><\/b><\/td>\n<\/tr>\n<tr>\n<td style=\"border: 1px solid #000000;\" align=\"center\" valign=\"middle\" bgcolor=\"#E6B9B8\" height=\"31\"><b><span style=\"color: #000000; font-family: Calibri;\">\u00ab\u00a0A v\u00e9rifier\u00a0\u00bb ou \u00ab\u00a0A compl\u00e9ter\u00a0\u00bb ou ???<\/span><\/b><\/td>\n<\/tr>\n<tr>\n<td style=\"border: 1px solid #000000;\" align=\"center\" valign=\"middle\" bgcolor=\"#FFFF00\" height=\"28\"><b><span style=\"font-family: Calibri;\">Ligne ayant fait l&rsquo;objet d&rsquo;une mise \u00e0 jour depuis la diffusion de la liste pr\u00e9c\u00e9dente.<\/span><\/b><\/td>\n<\/tr>\n<tr>\n<td style=\"border: 1px solid #000000;\" align=\"center\" valign=\"bottom\" bgcolor=\"#C3D69B\" height=\"28\"><b><span style=\"color: #000000; font-family: Calibri;\">\u00a0<\/span><\/b><\/td>\n<\/tr>\n<tr>\n<td style=\"border-top: 1px solid #000000; border-left: 1px solid #000000;\" align=\"center\" valign=\"middle\" height=\"31\"><b><span style=\"color: #c00000; font-family: Calibri;\">Num\u00e9ros extr\u00eames : 1 \u00e0 (19) &gt; le n\u00b0 19 entre ( ) est le dernier n\u00b0 connu, <\/span><\/b><\/td>\n<\/tr>\n<tr>\n<td style=\"border-top: 1px solid #000000; border-left: 1px solid #000000;\" align=\"center\" valign=\"middle\" height=\"28\"><b><span style=\"font-family: Calibri;\">mais pas n\u00e9cessairement celui de la fin de la collection<\/span><\/b><\/td>\n<\/tr>\n<tr>\n<td style=\"border: 1px solid #000000;\" align=\"center\" valign=\"middle\" height=\"31\"><b><span style=\"color: #c00000; font-family: Calibri;\">\u00ab\u00a0\u2026\u00a0\u00bb : possibilit\u00e9 qu&rsquo;il existe une suite \u00e0 la collection non connue du SCEAU<\/span><\/b><\/td>\n<\/tr>\n<tr>\n<td style=\"border: 1px solid #000000;\" align=\"center\" valign=\"middle\" height=\"31\"><b><span style=\"color: #c00000; font-family: Calibri;\">\/xx \u00e0 xx\/ : collection d&rsquo;une revue ayant cess\u00e9 de para\u00eetre dont tous les num\u00e9ros sont r\u00e9pertori\u00e9s<\/span><\/b><\/td>\n<\/tr>\n<tr>\n<td style=\"border: 1px solid #000000;\" align=\"center\" valign=\"middle\" height=\"31\"><b><span style=\"color: #c00000; font-family: Calibri;\">Dates extr\u00eames : 1979 \u00e0 1983 (19) : l&rsquo;ann\u00e9e la plus \u00e9lev\u00e9e est celle du n\u00b0 indiqu\u00e9<\/span><\/b><\/td>\n<\/tr>\n<tr>\n<td style=\"border-top: 1px solid #000000; border-left: 1px solid #000000;\" align=\"center\" valign=\"middle\" height=\"31\"><b><span style=\"font-family: Calibri;\"> entre ( ), dernier connu, mais pas n\u00e9cessairement celui de la fin de la collection<\/span><\/b><\/td>\n<\/tr>\n<tr>\n<td style=\"border: 1px solid #000000;\" align=\"center\" valign=\"middle\" height=\"28\"><b><span style=\"color: #c00000; font-family: Calibri;\">\u00a0<\/span><\/b><\/td>\n<\/tr>\n<tr>\n<td style=\"border: 1px solid #000000;\" align=\"center\" valign=\"bottom\" bgcolor=\"#E6E0EC\" height=\"28\"><b><span style=\"color: #c01e21; font-family: Calibri;\">Regroupement des revues d&rsquo;un m\u00eame \u00e9diteur<\/span><\/b><\/td>\n<\/tr>\n<tr>\n<td style=\"border-top: 1px solid #000000; border-left: 1px solid #000000; border-right: 1px solid #000000;\" align=\"center\" valign=\"bottom\" height=\"31\"><b><span style=\"color: #c01e21; font-family: Calibri;\"> (encadr\u00e9 en gras, fond gris- vert p\u00e2le ou bleu p\u00e2le, texte violet) :<\/span><\/b><\/td>\n<\/tr>\n<tr>\n<td style=\"border-top: 2px solid #000000; border-bottom: 1px solid #000000; border-left: 2px solid #000000; border-right: 2px solid #000000;\" align=\"left\" valign=\"middle\" bgcolor=\"#D7E4BD\" height=\"28\"><b><span style=\"color: #7144e7; font-family: Calibri;\">nom revue 1<\/span><\/b><\/td>\n<\/tr>\n<tr>\n<td style=\"border-left: 2px solid #000000; border-right: 2px solid #000000;\" align=\"left\" valign=\"middle\" bgcolor=\"#D7E4BD\" height=\"28\"><b><span style=\"color: #7144e7; font-family: Calibri;\">nom revue 2<\/span><\/b><\/td>\n<\/tr>\n<tr>\n<td style=\"border-top: 1px solid #000000; border-bottom: 1px solid #000000; border-left: 2px solid #000000; border-right: 2px solid #000000;\" align=\"left\" valign=\"middle\" bgcolor=\"#C6D9F1\" height=\"28\"><b><span style=\"color: #7144e7; font-family: Calibri;\">et plus si n\u00e9cessaire\u2026 g\u00e9n\u00e9ralement dans l&rsquo;ordre d&rsquo;importance des publications, <\/span><\/b><\/td>\n<\/tr>\n<tr>\n<td style=\"border-top: 1px solid #000000; border-bottom: 2px solid #000000; border-left: 2px solid #000000; border-right: 2px solid #000000;\" align=\"left\" valign=\"middle\" bgcolor=\"#C6D9F1\" height=\"28\"><b><span style=\"color: #7144e7; font-family: Calibri;\"> ou par d\u00e9faut dans l&rsquo;ordre chronologique d&rsquo;\u00e9dition<\/span><\/b><\/td>\n<\/tr>\n<tr>\n<td style=\"border: 1px solid #000000;\" align=\"left\" valign=\"middle\" height=\"28\"><b><span style=\"color: #c00000; font-family: Calibri;\">\u00a0<\/span><\/b><\/td>\n<\/tr>\n<tr>\n<td style=\"border: 1px solid #000000;\" align=\"center\" valign=\"middle\" bgcolor=\"#E6E0EC\" height=\"28\"><b><span style=\"color: #c00000; font-family: Calibri;\">Hi\u00e9rarchie succincte des publications : <\/span><\/b><\/td>\n<\/tr>\n<tr>\n<td style=\"border: 1px solid #000000;\" align=\"center\" valign=\"middle\" height=\"31\"><b><span style=\"color: #c00000; font-family: Calibri;\">1\/ revue, annuaire &#8211; 2\/ bulletin &#8211; 3\/ circulaire &#8211; 4\/ bulletin ou circulaire internes &#8211; 5\/ autres.<\/span><\/b><\/td>\n<\/tr>\n<\/tbody>\n<\/table>\n","protected":false},"excerpt":{"rendered":"<p>&gt;&gt;&gt;&gt;&gt; \u00a0Digitizations progress\u00a0&lt;&lt;&lt;&lt;&lt;&lt; This is a live google spreadsheet document.\u00a0 Always up to date. Meaning of abbreviations and colors ABREVIATIONS Ann. : annexe HS : hors s\u00e9rie NF : nouvelle formule NS : nouvelle s\u00e9rie N\u00b0 sp\u00e9c. : Num\u00e9ro sp\u00e9cial PS : pages suppl\u00e9mentaires SD : sans date SN : sans N\u00b0 ST : sans &hellip; <a href=\"https:\/\/sceau-archives-ovni.org\/?page_id=508&#038;lang=en\" class=\"more-link\">Continuer la lecture de <span class=\"screen-reader-text\">Digitizations<\/span>  <span class=\"meta-nav\">&rarr;<\/span><\/a><\/p>\n","protected":false},"author":1,"featured_media":0,"parent":0,"menu_order":0,"comment_status":"closed","ping_status":"closed","template":"","meta":{"ngg_post_thumbnail":0},"_links":{"self":[{"href":"https:\/\/sceau-archives-ovni.org\/index.php?rest_route=\/wp\/v2\/pages\/508"}],"collection":[{"href":"https:\/\/sceau-archives-ovni.org\/index.php?rest_route=\/wp\/v2\/pages"}],"about":[{"href":"https:\/\/sceau-archives-ovni.org\/index.php?rest_route=\/wp\/v2\/types\/page"}],"author":[{"embeddable":true,"href":"https:\/\/sceau-archives-ovni.org\/index.php?rest_route=\/wp\/v2\/users\/1"}],"replies":[{"embeddable":true,"href":"https:\/\/sceau-archives-ovni.org\/index.php?rest_route=%2Fwp%2Fv2%2Fcomments&post=508"}],"version-history":[{"count":6,"href":"https:\/\/sceau-archives-ovni.org\/index.php?rest_route=\/wp\/v2\/pages\/508\/revisions"}],"predecessor-version":[{"id":558,"href":"https:\/\/sceau-archives-ovni.org\/index.php?rest_route=\/wp\/v2\/pages\/508\/revisions\/558"}],"wp:attachment":[{"href":"https:\/\/sceau-archives-ovni.org\/index.php?rest_route=%2Fwp%2Fv2%2Fmedia&parent=508"}],"curies":[{"name":"wp","href":"https:\/\/api.w.org\/{rel}","templated":true}]}}