{"id":30,"date":"2016-02-06T14:07:33","date_gmt":"2016-02-06T13:07:33","guid":{"rendered":"http:\/\/ufowaves.org\/sceau\/wordpress\/?page_id=30"},"modified":"2016-02-06T14:07:33","modified_gmt":"2016-02-06T13:07:33","slug":"gilles-durand","status":"publish","type":"page","link":"https:\/\/sceau-archives-ovni.org\/?page_id=30&lang=fr","title":{"rendered":"Gilles Durand"},"content":{"rendered":"<figure id=\"attachment_24\" aria-describedby=\"caption-attachment-24\" style=\"width: 100px\" class=\"wp-caption alignright\"><img loading=\"lazy\" class=\"size-full wp-image-24\" src=\"https:\/\/sceau-archives-ovni.org\/wp\/wp-content\/uploads\/2016\/02\/cgilledurand.jpg\" alt=\"Gilles Durand\" width=\"100\" height=\"117\" \/><figcaption id=\"caption-attachment-24\" class=\"wp-caption-text\">Gilles Durand<\/figcaption><\/figure>\n<p>Secr\u00e9taire g\u00e9n\u00e9ral<\/p>\n<p><a href=\"http:\/\/www.rr0.org\/personne\/d\/DurandGilles\/index.html\">http:\/\/www.rr0.org\/personne\/d\/DurandGilles\/index.html<\/a><\/p>\n<p><span class=\"contact-misc\">Gilles Durand, n\u00e9 en 1955. Biblioth\u00e9caire. Int\u00e9ress\u00e9 au ph\u00e9nom\u00e8ne d\u00e8s sa prime enfance, il devient actif en 1969, \u00e0 14 ans, et participe au GEPA et au CEPI de 1972 \u00e0 1982. En 1981, il fonde avec Michel Coste l\u2019AIHPI, dont les buts sont la v\u00e9rification et la recherche de possibles observations de nature ufologique pour la p\u00e9riode \u00ab\u00a0pr\u00e9-arnoldienne\u00a0\u00bb (avant 1947). Il \u00e9dite \u00ab Des Si\u00e8cles de Lumi\u00e8res \u00bb, bulletin de l&rsquo;AIHPI encart\u00e9 dans l&rsquo;Annuaire du CIGU. Cofonde le CIGU en 1983 avec Thierry Rocher, Michel Piccin, etc. et co\u00e9dite \u00ab L\u2019Annuaire du CIGU \u00bb. Entre 1987 et 1990 il d\u00e9veloppe le service \u00ab OVNI Presse Service \u00bb, qui fournit \u00e0 ses abonn\u00e9es des extraits de la presse francophone consacr\u00e9s au ph\u00e9nom\u00e8ne OVNI. En 1988 il \u00e9dite la \u00ab Circulaire du CIGU \u00bb. Participe au CNEGU et aux voyages d\u2019\u00e9tude VECA 90 et 91, consacr\u00e9s aux crop-circles. Il est \u00e9galement cofondateur du SCEAU en 1990, dont il devient le secr\u00e9taire g\u00e9n\u00e9ral, poste qu\u2019il assume depuis cette date. Il est cor\u00e9dacteur du \u00ab Bulletin du SCEAU \u00bb. En 1993, il collabore \u00e0 l\u2019ouvrage collectif dirig\u00e9 par Thierry Pinvidic OVNI \u2013 Vers une anthropologie d\u2019un mythe contemporain (Heimdal). Il poursuit l\u2019enrichissement de son catalogue de cas anciens \u00ab Histocat \u00bb et de sa collection de coupures de presse de plus de 6000 articles.<\/span><\/p>\n","protected":false},"excerpt":{"rendered":"<p>Secr\u00e9taire g\u00e9n\u00e9ral http:\/\/www.rr0.org\/personne\/d\/DurandGilles\/index.html Gilles Durand, n\u00e9 en 1955. Biblioth\u00e9caire. Int\u00e9ress\u00e9 au ph\u00e9nom\u00e8ne d\u00e8s sa prime enfance, il devient actif en 1969, \u00e0 14 ans, et participe au GEPA et au CEPI de 1972 \u00e0 1982. En 1981, il fonde avec Michel Coste l\u2019AIHPI, dont les buts sont la v\u00e9rification et la recherche de possibles observations &hellip; <a href=\"https:\/\/sceau-archives-ovni.org\/?page_id=30&#038;lang=fr\" class=\"more-link\">Continuer la lecture de <span class=\"screen-reader-text\">Gilles Durand<\/span>  <span class=\"meta-nav\">&rarr;<\/span><\/a><\/p>\n","protected":false},"author":1,"featured_media":0,"parent":21,"menu_order":21,"comment_status":"closed","ping_status":"closed","template":"","meta":{"ngg_post_thumbnail":0},"_links":{"self":[{"href":"https:\/\/sceau-archives-ovni.org\/index.php?rest_route=\/wp\/v2\/pages\/30"}],"collection":[{"href":"https:\/\/sceau-archives-ovni.org\/index.php?rest_route=\/wp\/v2\/pages"}],"about":[{"href":"https:\/\/sceau-archives-ovni.org\/index.php?rest_route=\/wp\/v2\/types\/page"}],"author":[{"embeddable":true,"href":"https:\/\/sceau-archives-ovni.org\/index.php?rest_route=\/wp\/v2\/users\/1"}],"replies":[{"embeddable":true,"href":"https:\/\/sceau-archives-ovni.org\/index.php?rest_route=%2Fwp%2Fv2%2Fcomments&post=30"}],"version-history":[{"count":0,"href":"https:\/\/sceau-archives-ovni.org\/index.php?rest_route=\/wp\/v2\/pages\/30\/revisions"}],"up":[{"embeddable":true,"href":"https:\/\/sceau-archives-ovni.org\/index.php?rest_route=\/wp\/v2\/pages\/21"}],"wp:attachment":[{"href":"https:\/\/sceau-archives-ovni.org\/index.php?rest_route=%2Fwp%2Fv2%2Fmedia&parent=30"}],"curies":[{"name":"wp","href":"https:\/\/api.w.org\/{rel}","templated":true}]}}