{"id":13,"date":"2016-02-06T13:23:10","date_gmt":"2016-02-06T12:23:10","guid":{"rendered":"http:\/\/ufowaves.org\/sceau\/wordpress\/?page_id=13"},"modified":"2026-04-27T22:09:42","modified_gmt":"2026-04-27T20:09:42","slug":"quest-ce-que-le-sceau","status":"publish","type":"page","link":"https:\/\/sceau-archives-ovni.org\/?page_id=13&lang=fr","title":{"rendered":"Qu\u2019est ce que le SCEAU ?"},"content":{"rendered":"<p align=\"justify\">Le <strong>SCEAU\/Archives OVNI<\/strong> est une association sans but lucratif r\u00e9gie par la loi du 1er juillet 1901 dont les statuts sont parus au Journal Officiel du 23 mai 1990.&nbsp;Il a pour objet d&rsquo;assurer la sauvegarde \u00e0 long terme du patrimoine ufologique, \u00e0 savoir tous livres, magazines, courriers, rapports d&rsquo;enqu\u00eate, \u00e9tudes, coupures de presse et autres documents \u00e9crits, audiovisuels ou \u00e9lectroniques issus de la recherche sur les OVNI. Le <strong>SCEAU<\/strong> (acronyme de \u00ab&nbsp;<strong>Sauvegarde et Conservation des Etudes et Archives Ufologiques<\/strong>&nbsp;\u00bb) est n\u00e9 du d\u00e9solant constat que trop souvent, lorsqu&rsquo;une personne qui a \u00e9tudi\u00e9 cette question d\u00e9c\u00e8de ou cesse de s&rsquo;y int\u00e9resser, les documents parfois tr\u00e8s int\u00e9ressants qu&rsquo;elle poss\u00e9dait sont dispers\u00e9s, disparaissent ou sont parfois m\u00eame d\u00e9truits par ses ayants-droits. Lorsqu&rsquo;un groupe ufologique est dissous, il en est parfois de m\u00eame et les archives sont abandonn\u00e9es ou dispers\u00e9es. Pour exemples le cas du <strong>GNEOVNI<\/strong> dans le Nord au cours des ann\u00e9es 90 dont les archives ont \u00e9t\u00e9 d\u00e9truites suite \u00e0 la vente d&rsquo;un immeuble et \u00e0 l&rsquo;incompr\u00e9hension du nouveau propri\u00e9taire ;&nbsp;celles de la revue <strong>LDLN <\/strong>en partie perdues suite \u00e0 un grave probl\u00e8me de conservation ou celles de la&nbsp;<strong>Commission d&rsquo;Enqu\u00eate Ouranos<\/strong> (fond\u00e9e en 1951) et dont une grande partie des archives fut d\u00e9truite ou dispers\u00e9e en 1972. Ce ne sont l\u00e0 que quelques exemples qui sont malheureusement trop nombreux *.<\/p>\n<p align=\"justify\">Le <strong>SCEAU<\/strong> a donc entrepris de contacter toutes les personnes et tous les organismes que nous savons s&rsquo;\u00eatre int\u00e9ress\u00e9s, \u00e0 un titre ou l&rsquo;autre, aux OVNI ou \u00e0 des ph\u00e9nom\u00e8nes connexes, et leur propose un contrat de cession d&rsquo;archives. Par ce contrat, le donateur c\u00e8de tout ou partie de ses archives au <strong>SCEAU<\/strong> \u00e0 la date de son choix ou apr\u00e8s son d\u00e9c\u00e8s, et en d\u00e9finit les conditions et d\u00e9lais \u00e9ventuels de consultation. Certaines personnes nous r\u00e9pondent qu&rsquo;elles ne poss\u00e8dent que peu de documents int\u00e9ressants, mais notre exp\u00e9rience de la r\u00e9cup\u00e9ration d&rsquo;archives nous a montr\u00e9 que m\u00eame chez les personnes qui c\u00e9daient relativement peu de choses, on trouvait toujours, sans exception, l&rsquo;un ou l&rsquo;autre document d&rsquo;importance, y compris des livres que nous n&rsquo;avions pas encore.<\/p>\n<p align=\"justify\">Notre association proc\u00e8de, apr\u00e8s classement et inventaire d\u00e9taill\u00e9 des documents qui lui ont \u00e9t\u00e9 confi\u00e9s, \u00e0 leur d\u00e9p\u00f4t dans des centres d&rsquo;archives (<strong>Archives nationales<\/strong> ou <strong>d\u00e9partementales<\/strong>) ou, seulement pour les documents statutairement refus\u00e9s par les Archives (comme les livres et certaines revues figurant au d\u00e9p\u00f4t l\u00e9gal), dans des biblioth\u00e8ques publiques. Ces d\u00e9p\u00f4ts font l&rsquo;objet d&rsquo;un contrat visant \u00e0 assurer leur p\u00e9rennit\u00e9 et d\u00e9finissant les conditions de consultation. Trois d\u00e9p\u00f4ts en archives existent actuellement&nbsp;: nouveau&nbsp;<a href=\"http:\/\/www.archives-nationales.culture.gouv.fr\/\" target=\"_blank\" rel=\"noopener\"><strong>site des Archives Nationales<\/strong><\/a>&nbsp;(pour l\u2019Ile-de-France) \u00e0&nbsp;<a href=\"http:\/\/www.archives-nationales.culture.gouv.fr\/fr\/web\/guest\/site-de-pierrefitte-sur-seine\" target=\"_blank\" rel=\"noopener\"><strong>Pierrefitte-sur-Seine<\/strong><\/a>&nbsp;(93), <a href=\"http:\/\/www.archives57.com\" target=\"_blank\" rel=\"noopener\"><strong>Archives D\u00e9partementales de Moselle<\/strong><\/a> (pour la r\u00e9gion Lorraine) \u00e0 Saint Julien-les-Metz (57) et <a href=\"http:\/\/www.archives13.fr\" target=\"_blank\" rel=\"noopener\"><strong>Archives D\u00e9partementales des Bouches-du-Rh\u00f4ne<\/strong><\/a> (pour la r\u00e9gion PACA) \u00e0 Marseille (13).<\/p>\n<p align=\"justify\">Le <strong>SCEAU<\/strong>, qui se veut un simple interm\u00e9diaire entre le c\u00e9dant et le centre d&rsquo;archives ou la biblioth\u00e8que, a pour d\u00e9ontologie, inscrite dans ses statuts, de respecter strictement la volont\u00e9 du c\u00e9dant et de ne garder pour lui aucun document original. Nous entendons jouer aussi, dans une optique pr\u00e9ventive, un r\u00f4le de sensibilisation de la communaut\u00e9 ufologique \u00e0 la pr\u00e9servation de son patrimoine. Nous avons nou\u00e9 des liens avec le <strong>SHG<\/strong> (<a href=\"http:\/\/www.project1947.com\/shg\/index.html\" target=\"_blank\" rel=\"noopener\"><strong>Sign Historical Group<\/strong><\/a>)&nbsp;aux Etats Unis, avec l\u2019<strong>AFU<\/strong> (<a href=\"http:\/\/www.afu.info\" target=\"_blank\" rel=\"noopener\"><strong>Archives for UFO Research Foundation<\/strong><\/a>) en Su\u00e8de, ainsi qu&rsquo;avec le <strong>CISU<\/strong> (<a href=\"http:\/\/www.cisu.org\/\" target=\"_blank\" rel=\"noopener\"><strong>Centro Italiano Studi Ufologici<\/strong><\/a>) \u00e0 Turin, qui poursuivent des buts analogues respectivement aux Etats-Unis et en Su\u00e8de, et entretenons des contacts avec d&rsquo;autres chercheurs \u00e0 l&rsquo;\u00e9tranger, notamment en Belgique, en Italie et en Suisse. L&rsquo;exp\u00e9rience acquise permet au <strong>SCEAU<\/strong> de jouer un r\u00f4le de conseiller aupr\u00e8s de tout chercheur qui s&rsquo;interroge sur la sauvegarde de ses travaux et de sa documentation ufologique. Il publie un bulletin annuel o\u00f9 figure notamment l&rsquo;inventaire complet des archives sauvegard\u00e9es au cours de l&rsquo;ann\u00e9e \u00e9coul\u00e9e.<\/p>\n<p align=\"justify\">Le <strong>SCEAU<\/strong> n&rsquo;a aucune position officielle sur la nature des OVNI (les opinions de ses membres \u00e0 ce propos sont diverses) et a pour principe de ne jeter aucun document, si futile qu&rsquo;il puisse sembler. En effet, devant des ph\u00e9nom\u00e8nes aussi difficiles \u00e0 cerner, il appara\u00eet impossible de savoir ce que les chercheurs de l&rsquo;avenir, pour lesquels nous pr\u00e9servons ces documents, estimeront important. Nous pensons que, quelle que soit en d\u00e9finitive la nature de ces ph\u00e9nom\u00e8nes, ces archives pourront en tout \u00e9tat de cause \u00eatre utiles, que ce soit pour des sp\u00e9cialistes en sciences physiques ou en sciences humaines.<\/p>\n<p align=\"justify\">Nous nous effor\u00e7ons aussi de constituer, en <strong>France<\/strong> et en <strong>Suisse<\/strong>, quelques collections les plus compl\u00e8tes possibles d&rsquo;ouvrages ufologiques et connexes. La <a href=\"http:\/\/bm.metz.fr\" target=\"_blank\" rel=\"noopener\"><strong>M\u00e9diath\u00e8que<\/strong><strong> du Pontiffroy<\/strong><\/a>, \u00e0 <strong>Metz<\/strong>, accueille d\u00e9j\u00e0 un d\u00e9p\u00f4t <strong>SCEAU<\/strong> de pr\u00e8s de <strong>1000<\/strong>&nbsp;ouvrages et <strong>200<\/strong> revues&nbsp;; pr\u00e8s de <strong>300<\/strong>&nbsp;livres ont \u00e9t\u00e9 d\u00e9pos\u00e9s en <strong>2003<\/strong> et <strong>2008<\/strong> \u00e0 l&rsquo;<a href=\"http:\/\/portail.unice.fr\/jahia\/jsp\/index.jsp\" target=\"_blank\" rel=\"noopener\"><strong>Universit\u00e9 de Nice-Sophia Antipolis<\/strong><\/a>&nbsp;sur le site du Parc de Valrose \u00e0 Nice, <strong>\u00e0 compter de juin 2014 cette biblioth\u00e8que est transf\u00e9r\u00e9e \u00e0 Grenoble<\/strong> ; en <strong>2005<\/strong> le premier d\u00e9p\u00f4t d\u2019un troisi\u00e8me fonds bibliographique a \u00e9t\u00e9 effectu\u00e9 \u00e0 <strong>Yverdon<\/strong>, en Suisse, dans les locaux de la <a href=\"http:\/\/www.ailleurs.ch\/\" target=\"_blank\" rel=\"noopener\"><strong>Maison d\u2019Ailleurs<\/strong> \u2013 <strong>Mus\u00e9e de la Science Fiction<\/strong><\/a> cr\u00e9\u00e9 par Pierre <strong>Versins<\/strong>, un second d\u00e9p\u00f4t a eu lieu dans le courant de l\u2019ann\u00e9e <strong>2009<\/strong>. Une quatri\u00e8me biblioth\u00e8que, a vu le jour, en <strong>2006<\/strong>, \u00e0 la Biblioth\u00e8que Municipale d&rsquo;<a href=\"http:\/\/fr.wikipedia.org\/wiki\/Arros-de-Nay\" target=\"_blank\" rel=\"noopener\"><strong>Arros-de-Nay<\/strong><\/a>, dans les Pyr\u00e9n\u00e9es-Atlantiques, sous le nom de <strong>Biblioth\u00e8que SCEAU\/Sonia Ragel<\/strong>, en m\u00e9moire de cette personne qui oeuvra \u00e0 la cr\u00e9ation de cette (pour le moment) modeste biblioth\u00e8que th\u00e9matique. Elle compte actuellement une cinquantaine d&rsquo;ouvrages et de revues. Ces fonds bibliographiques sont progressivement enrichis \u00e0 mesure que le <strong>SCEAU<\/strong> acquiert de nouveaux ouvrages, et d&rsquo;autres biblioth\u00e8ques devraient suivre. Si les conditions de consultation des archives proprement dites peuvent \u00eatre assez restrictives, lorsque la loi (protection de la vie priv\u00e9e) ou la volont\u00e9 du c\u00e9dant l&rsquo;exige, notre politique est en revanche de demander aux biblioth\u00e8ques, avec lesquelles nous passons des contrats, d&rsquo;assurer une libre <strong>consultation<\/strong> <strong>sur place<\/strong> des ouvrages par le public.<\/p>\n<p align=\"justify\">* Voir \u00e0 ce sujet l&rsquo;article de <a href=\"https:\/\/sceau-archives-ovni.org\/wp\/?page_id=30&amp;lang=fr\">Gilles Durand<\/a> dans le <a href=\"https:\/\/sceau-archives-ovni.org\/wp\/?p=209&amp;lang=fr\"><strong>Bulletin N\u00b0 7<\/strong><\/a> (2001\/2002) du SCEAU \u00ab\u00a0<a href=\"https:\/\/sceau-archives-ovni.org\/wp\/?page_id=318&amp;lang=fr\">Cas dramatiques de disparition d&rsquo;archives<\/a>\u00ab\u00a0<\/p>\n<h4 class=\"entry-title\">CONTACT<\/h4>\n<p>Pour nous joindre, par courrier :<\/p>\n<p>SCEAU\/Archives OVNI,<br \/>\nBP 19.&nbsp; &nbsp; &nbsp; &nbsp;91801 BRUNOY Cedex<\/p>\n<p>par courriel&nbsp;: <a href=\"mailto:sceauarchivovni@yahoo.fr\">sceauarchivovni@yahoo.fr<\/a><\/p>\n","protected":false},"excerpt":{"rendered":"<p>Le SCEAU\/Archives OVNI est une association sans but lucratif r\u00e9gie par la loi du 1er juillet 1901 dont les statuts sont parus au Journal Officiel du 23 mai 1990.&nbsp;Il a pour objet d&rsquo;assurer la sauvegarde \u00e0 long terme du patrimoine ufologique, \u00e0 savoir tous livres, magazines, courriers, rapports d&rsquo;enqu\u00eate, \u00e9tudes, coupures de presse et autres &hellip; <a href=\"https:\/\/sceau-archives-ovni.org\/?page_id=13&#038;lang=fr\" class=\"more-link\">Continuer la lecture de <span class=\"screen-reader-text\">Qu\u2019est ce que le SCEAU ?<\/span>  <span class=\"meta-nav\">&rarr;<\/span><\/a><\/p>\n","protected":false},"author":1,"featured_media":0,"parent":0,"menu_order":16,"comment_status":"closed","ping_status":"closed","template":"","meta":{"ngg_post_thumbnail":0},"_links":{"self":[{"href":"https:\/\/sceau-archives-ovni.org\/index.php?rest_route=\/wp\/v2\/pages\/13"}],"collection":[{"href":"https:\/\/sceau-archives-ovni.org\/index.php?rest_route=\/wp\/v2\/pages"}],"about":[{"href":"https:\/\/sceau-archives-ovni.org\/index.php?rest_route=\/wp\/v2\/types\/page"}],"author":[{"embeddable":true,"href":"https:\/\/sceau-archives-ovni.org\/index.php?rest_route=\/wp\/v2\/users\/1"}],"replies":[{"embeddable":true,"href":"https:\/\/sceau-archives-ovni.org\/index.php?rest_route=%2Fwp%2Fv2%2Fcomments&post=13"}],"version-history":[{"count":5,"href":"https:\/\/sceau-archives-ovni.org\/index.php?rest_route=\/wp\/v2\/pages\/13\/revisions"}],"predecessor-version":[{"id":1241,"href":"https:\/\/sceau-archives-ovni.org\/index.php?rest_route=\/wp\/v2\/pages\/13\/revisions\/1241"}],"wp:attachment":[{"href":"https:\/\/sceau-archives-ovni.org\/index.php?rest_route=%2Fwp%2Fv2%2Fmedia&parent=13"}],"curies":[{"name":"wp","href":"https:\/\/api.w.org\/{rel}","templated":true}]}}